et r(g) = -99*g + 7832. Calculate r(67).
1199
Let g(v) = -6*v**3 - 361*v**2 + 3713*v + 175. Determine g(9).
-23
Let o(f) = 4*f**3 + 3*f**2 - 352*f + 1063. Calculate o(3).
142
Let j(m) = -42*m**2 - 2511*m + 549. Calculate j(-60).
9
Let u(w) = 2*w**2 + 2948*w + 777422. Determine u(-344).
-18
Let d(b) = b**2 + 479*b - 45238. Give d(-559).
-518
Let r(c) = c**3 + 65*c**2 - 121*c - 15526. Determine r(-63).
35
Let q(y) = -4*y**2 - 3908*y + 150162. What is q(-1014)?
90
Let t(s) = -25*s**3 + 78*s**2 - 25*s + 61. What is t(3)?
13
Let f(h) = 19393*h - 18675453. Calculate f(963).
6
Let y(s) = -4*s**2 - 132*s + 46858. Give y(-126).
-14
Let v(o) = -600*o - 4902. What is v(-11)?
1698
Let h(s) = -s**2 - 18829*s + 282671. Determine h(15).
11
Let l(b) = -1581*b**3 - 2*b**2 - 30*b + 32. Determine l(1).
-1581
Let u(t) = 439*t + 166169. Calculate u(-379).
-212
Let z(a) = 57828*a + 1040906. Give z(-18).
2
Let w(y) = 1621*y + 74578. Determine w(-46).
12
Let f(p) = -28*p**3 + 274*p**2 - 17*p + 21. Give f(10).
-749
Let f(g) = 9*g**2 + 65*g + 128. Calculate f(0).
128
Let i(o) = -23*o**2 + 527*o - 50. What is i(13)?
2914
Let d(z) = 24538*z + 4294160. Determine d(-175).
10
Let a(d) = 8*d**2 + 843*d + 109. Give a(-105).
-206
Let p(s) = -740*s**2 - 10364*s - 72. What is p(-14)?
-16
Let j(m) = m**3 + 60*m**2 - 9*m - 7142. What is j(-58)?
108
Let d(b) = -88*b - 5291. Calculate d(-64).
341
Let a(c) = 3*c**2 + 226*c + 635. Give a(-75).
560
Let u(b) = 5423*b + 42489. Give u(-8).
-895
Let t(c) = -1156*c**2 + 8156*c - 450. What is t(7)?
-2
Let b(k) = -3733*k**2 - 25885*k + 1717. Give b(-7).
-5
Let h(p) = -2288*p + 2824. Determine h(1).
536
Let d(i) = -909*i + 1092. What is d(2)?
-726
Let v(r) = -9*r**2 - 24157*r - 120778. What is v(-5)?
-218
Let i(q) = -11669*q - 46675. Give i(-4).
1
Let j(f) = -15*f**3 - 121*f**2 - 14*f + 27. Give j(-8).
75
Let a(j) = 3488*j**2 - 41883*j + 317. Calculate a(12).
-7
Let k(d) = d**3 - 86*d**2 + 1734*d - 6398. Give k(58).
-18
Let f(l) = 17*l**3 - 171*l**2 + 1176*l - 11660. What is f(10)?
0
Let h(f) = 6*f**2 + 3856*f + 608253. What is h(-278)?
-11
Let y(p) = -p**3 + 70*p**2 - 3266*p - 3336. Calculate y(-1).
1
Let f(c) = c**3 - 37*c**2 + 111*c - 21. Determine f(3).
6
Let l(r) = 2*r**2 + 8977*r - 144092. Give l(16).
52
Let f(i) = -14397*i + 675651. Give f(47).
-1008
Let i(h) = 4726*h + 61731. What is i(-13)?
293
Let h(t) = -t**3 + 26*t**2 - 32*t + 869. Give h(26).
37
Let p(y) = -37*y**2 - 3549*y + 366. What is p(-96)?
78
Let v(t) = 5*t**2 + 60*t - 3696. Calculate v(22).
44
Let z(j) = -1746*j - 822264. Determine z(-471).
102
Let s(d) = -d**3 - 6921*d**2 - 27684*d - 65. Calculate s(-4).
-1
Let x(g) = 2*g**2 + 322*g - 42448. Calculate x(86).
36
Let w(k) = -3*k**2 - 180*k + 15076. Give w(47).
-11
Let v(y) = -5*y**2 + 235*y + 30426. Give v(-58).
-24
Let t(k) = 6363*k + 39080. Give t(-6).
902
Let t(o) = -11*o - 50. Give t(-19).
159
Let f(w) = -419*w + 14407. What is f(34)?
161
Let j(h) = -5*h**3 + 381*h**2 + 712*h - 408. What is j(78)?
372
Let w(q) = 6*q + 700. Calculate w(-49).
406
Let o(c) = 122559*c + 6373065. Give o(-52).
-3
Let t(o) = 18*o**2 + 1078*o + 15950. Calculate t(-33).
-22
Let l(j) = -j**3 + 111*j**2 + 567*j + 1438. Give l(116).
-70
Let r(m) = 9372*m - 880962. Give r(94).
6
Let o(q) = 114560*q - 114528. Calculate o(1).
32
Let b(k) = -20099*k + 3336415. Determine b(166).
-19
Let r(o) = 3*o**3 + 57*o**2 - 18*o + 134. What is r(-19)?
476
Let i(d) = 3466*d**2 - 52020*d + 440. Determine i(15).
-10
Let p(o) = -40*o**2 - 1704*o - 8827. Calculate p(-6).
-43
Let f(c) = -32*c**2 - 299*c + 344. Give f(-15).
-2371
Let r(s) = 4513*s - 9176. Give r(2).
-150
Let t(o) = 26915*o + 484554. Give t(-18).
84
Let a(x) = 152*x**2 + 10*x - 7. Calculate a(4).
2465
Let q(r) = 525*r + 9255. What is q(-18)?
-195
Let v(x) = 687*x - 48128. Give v(70).
-38
Let k(b) = -2*b**3 + 131*b**2 - 561*b + 32232. Determine k(65).
-8
Let g(t) = 1304*t - 8844. What is g(7)?
284
Let h(a) = 432*a - 12545. Give h(29).
-17
Let m(p) = -p**2 - 67884*p + 1086383. Give m(16).
-17
Let v(t) = -160834*t - 643322. What is v(-4)?
14
Let p(v) = -112*v - 39868. Give p(-356).
4
Let h(v) = -v**3 - 375*v**2 + 490*v + 42521. Calculate h(-376).
-343
Let v(q) = 35638*q - 71273. Determine v(2).
3
Let j(d) = 55948*d + 951077. Calculate j(-17).
-39
Let w(i) = -4680*i + 32386. Determine w(7).
-374
Let m(k) = -k**2 + 66*k + 928. Determine m(-17).
-483
Let f(u) = 25306*u + 1138966. What is f(-45)?
196
Let j(h) = 4*h**2 - 1174*h - 85598. What is j(354)?
70
Let z(c) = -36*c**2 - 1226*c - 6147. Determine z(-5).
-917
Let z(p) = -2*p**2 - 453*p + 10609. Calculate z(23).
-868
Let t(s) = 3*s**3 + 39*s**2 + 139*s + 278. Give t(-8).
126
Let n(j) = 56*j - 7359. What is n(117)?
-807
Let o(l) = -50*l**2 + 186*l + 15. Determine o(0).
15
Let a(r) = 4501*r + 22530. Determine a(-5).
25
Let h(i) = 16*i**2 + 5221*i - 85827. Calculate h(-342).
15
Let r(s) = 44418*s - 3242520. What is r(73)?
-6
Let a(k) = -3726*k + 33599. Give a(9).
65
Let y(g) = -g**3 - 243*g**2 - 1565*g - 260996. Determine y(-241).
7
Let r(t) = t**3 + 116*t**2 - 2418*t + 107. Calculate r(18).
-1
Let l(j) = -3*j**3 - 5*j**2 + 640*j - 1906. Calculate l(3).
-112
Let f(y) = 2181*y - 54440. Determine f(25).
85
Let f(l) = 2240*l + 347195. Give f(-155).
-5
Let p(y) = -3525*y + 786068. What is p(223)?
-7
Let j(u) = -4*u**2 - 510*u + 4445. Give j(-135).
395
Let i(p) = -4797*p + 57616. Calculate i(12).
52
Let d(o) = 3*o**3 + 31*o**2 - 68*o - 752. Give d(-10).
28
Let j(g) = -6*g**2 - 76*g - 224. Calculate j(-6).
16
Let g(m) = -13378*m - 789300. Give g(-59).
2
Let w(j) = j**2 - 763*j + 34318. Calculate w(48).
-2
Let d(c) = 907*c - 11621. What is d(13)?
170
Let d(i) = 194*i - 8867. Calculate d(37).
-1689
Let s(g) = -2*g**3 + 41*g**2 + 6752*g - 135446. What is s(20)?
-6
Let b(a) = 2*a**2 + 25*a - 704. Determine b(19).
493
Let g(l) = 18*l**3 - 35*l**2 + 20*l - 18. Give g(1).
-15
Let m(k) = -k**3 - 9*k**2 - 15*k - 19. Determine m(-9).
116
Let y(c) = 157*c**2 + 5320*c - 6118. Calculate y(-35).
7
Let n(c) = 677*c**2 - 804*c + 3. What is n(2)?
1103
Let w(y) = 191*y**2 + y + 41. Determine w(-2).
803
Let b(v) = -v**3 + 165*v**2 + 5966*v - 844733. What is b(171)?
7
Let a(u) = -42*u**3 + 72*u**2 - 2*u + 3. Give a(2).
-49
Let a(h) = -9891*h + 9921. Determine a(1).
30
Let m(g) = -55*g**3 + 2*g**2 + 4483*g - 4483. Calculate m(1).
-53
Let t(x) = 13*x**3 + 258*x**2 - 139*x + 3703. Give t(-21).
7
Let g(x) = 22*x**2 + 152*x - 25. Give g(0).
-25
Let x(g) = g**3 + 97*g**2 + 194*g + 92. Determine x(-95).
-288
Let d(u) = -5*u**2 - 539*u + 5384. What is d(-114)?
1850
Let o(m) = -42574*m + 681211. Calculate o(16).
27
Let x(k) = k**3 + 45*k**2 + 1427*k + 54660. Give x(-42).
18
Let t(g) = -g**2 - 155*g - 1970. Give t(-15).
130
Let f(s) = -78*s**2 - 135*s + 289. Calculate f(-3).
-8
Let p(a) = -87*a**3 - 176*a - 359. Determine p(-2).
689
Let l(c) = 36605*c + 512378. What is l(-14)?
-92
Let f(l) = -19*l**2 - 1390*l + 53440. Calculate f(-101).
11
Let h(x) = -3*x**3 - 69*x**2 - 7*x - 217. Determine h(-22).
-1515
Let i(d) = -d**3 - 670*d**2 + 5422*d - 23. Calculate i(8).
-39
Let s(b) = -18*b**2 + 695*b - 5006. Calculate s(29).
11
Let j(m) = -m**3 + 97*m**2 - 681*m + 25. Calculate j(8).
273
Let d(p) = p**3 + 28*p**2 + 90*p + 494. Give d(-25).
119
Let b(v) = 18*v**2 - 246*v + 110. What is b(13)?
-46
Let o(n) = 17*n**2 - 168392*n + 673292. Determine o(4).
-4
Let r(w) = 3*w**3 - 340*w**2 + 2332*w - 328. Give r(106).
-328
Let m(b) = 14*b**3 - 8*b**2 - 37*b + 11. Calculate m(-5).
-1754
Let l(j) = j**2 - 268*j + 15592. Give l(184).
136
Let u(y) = -34*y**2 - 61*y + 558. Calculate u(7).
-1535
Let s(q) = 5897*q + 52776. What is s(-9)?
-297
Let q(k) = 1218962*k + 9751692. Give q(-8).
-4
Let p(z) = 51*z**2 - 72*z + 239. What is p(3)?
482
Let a(t) = 613*t**3 - 144669*t**2 + 240*t - 928. What is a(236)?
16
Let l(s) = 13*s**3 + 417*s**2 - 2344*s + 882. Calculate l(-37).
-6
Let y(p) = 224*p + 1765. Calculate y(-13).
-1147
Let r(p) = 36076*p + 1118379. Calculate r(-31).
23
Let r(j) = 563*j - 146860. Give r(261).
83
Let n(s) = -137561*s - 2338505. Determine n(-17).
32
Let s(q) = -q**3 + 21*q**2 + 274*q + 34. Calculate s(-9).
-2
Let v(u) = -2*u**3 + 113*u**2 + 986*u + 55. Give v(-8).
423
Let s(c) = -c**2 - 15*c + 713. Giv